119 a factor of 1311796287?
False
Is 17 a factor of 260215464?
True
Is 470 a factor of 36260500?
True
Does 111 divide 115144106?
False
Is 145 a factor of 7091646?
False
Is 34016384 a multiple of 568?
True
Does 70 divide 160261150?
True
Does 975 divide 40483633?
False
Is 122 a factor of 1732236276?
True
Is 1252468198 a multiple of 16?
False
Is 1942224050 a multiple of 26?
True
Does 3628 divide 1390075456?
True
Is 658171030 a multiple of 34?
False
Is 242 a factor of 17432330?
False
Does 295 divide 116385592?
False
Is 4 a factor of 12531136?
True
Is 149887562 a multiple of 6?
False
Does 287 divide 26629008?
True
Is 71307285 a multiple of 665?
True
Is 13 a factor of 405047942?
True
Is 7872928 a multiple of 79?
False
Does 19 divide 30465981?
False
Is 20 a factor of 54789920?
True
Is 2888 a factor of 194565208?
False
Is 195907359 a multiple of 736?
False
Is 7132819 a multiple of 265?
False
Does 3838 divide 474592106?
False
Does 799 divide 101230903?
True
Is 9672875 a multiple of 891?
False
Does 422 divide 2156842?
True
Is 3848353386 a multiple of 321?
False
Does 909 divide 298968723?
False
Is 346474358 a multiple of 8?
False
Is 148 a factor of 76194909?
False
Is 9 a factor of 198624745?
False
Is 88617116 a multiple of 844?
False
Is 87 a factor of 50415195?
True
Does 397 divide 773347266?
True
Is 608 a factor of 32430112?
True
Does 30 divide 34654800?
True
Is 700 a factor of 31314500?
True
Does 781 divide 212877951?
True
Is 4144 a factor of 51945819?
False
Is 182198940 a multiple of 33?
True
Does 12 divide 8660339?
False
Is 62312932 a multiple of 1444?
True
Is 922225640 a multiple of 262?
False
Does 273 divide 2264236125?
False
Does 156 divide 43476262?
False
Does 4 divide 3447812?
True
Does 793 divide 91484445?
True
Is 379 a factor of 5818787?
True
Is 20132113 a multiple of 31?
True
Is 1757 a factor of 55185444?
False
Is 5735392 a multiple of 17?
True
Is 59888259 a multiple of 959?
False
Is 1839 a factor of 1782713727?
True
Does 14 divide 11830805?
False
Does 487 divide 397841742?
False
Does 6 divide 5335130?
False
Is 271 a factor of 22046287?
False
Is 226 a factor of 110479175?
False
Is 1469 a factor of 1378063024?
True
Is 156281624 a multiple of 62?
False
Is 9 a factor of 83953296?
True
Does 1332 divide 184215600?
True
Is 8 a factor of 153368310?
False
Does 543 divide 93643854?
False
Is 20 a factor of 194488207?
False
Does 20 divide 5891060?
True
Is 16 a factor of 1995673?
False
Is 1230640 a multiple of 53?
False
Does 26 divide 159354620?
False
Is 246 a factor of 68804724?
True
Does 298 divide 369895196?
False
Is 79 a factor of 881950312?
True
Is 886 a factor of 903450656?
True
Does 807 divide 105440199?
True
Is 718533000 a multiple of 725?
True
Is 1125 a factor of 930281625?
True
Is 1980 a factor of 235793665?
False
Is 84387405 a multiple of 3?
True
Does 527 divide 106087735?
True
Is 1564635947 a multiple of 102?
False
Does 20 divide 1004657260?
True
Is 480 a factor of 66868320?
True
Is 34760196 a multiple of 19?
True
Does 104 divide 120085264?
True
Does 1176 divide 696142608?
True
Is 31 a factor of 30825656?
True
Does 15 divide 1602121215?
True
Is 7 a factor of 368445051?
False
Does 48 divide 9442277?
False
Is 391308820 a multiple of 163?
False
Does 2 divide 3050254?
True
Is 256 a factor of 260792576?
True
Does 1149 divide 11207474?
False
Is 665 a factor of 13699000?
True
Does 425 divide 2970325?
True
Does 264 divide 11957648?
False
Does 41 divide 77537560?
True
Is 185 a factor of 1765202105?
True
Is 32 a factor of 380992183?
False
Is 83591824 a multiple of 8?
True
Is 4459224 a multiple of 8?
True
Is 1210040672 a multiple of 736?
True
Does 19 divide 175274087?
False
Is 3971997 a multiple of 12?
False
Is 292219584 a multiple of 16?
True
Is 3 a factor of 909973058?
False
Does 1060 divide 51649560?
True
Is 1201529790 a multiple of 3789?
True
Is 580915975 a multiple of 25?
True
Is 157971632 a multiple of 21?
False
Is 203 a factor of 37145755?
False
Is 744 a factor of 68827662?
False
Does 7 divide 14329616?
True
Is 9 a factor of 40499691?
False
Is 39137359 a multiple of 2?
False
Is 3 a factor of 10341819?
True
Does 10 divide 166613700?
True
Is 399 a factor of 9095901?
False
Is 1642143727 a multiple of 130?
False
Does 4 divide 50143328?
True
Does 865 divide 406412465?
True
Is 140 a factor of 4794860?
True
Is 361529828 a multiple of 1034?
True
Is 873 a factor of 16226451?
True
Does 677 divide 55484607?
False
Is 189 a factor of 219003233?
False
Is 68 a factor of 42660536?
False
Is 13026742 a multiple of 1269?
False
Is 171780752 a multiple of 52?
True
Is 2363447 a multiple of 221?
False
Is 805 a factor of 27003725?
True
Is 159 a factor of 58638405?
True
Is 987302756 a multiple of 682?
True
Is 9 a factor of 126698409?
True
Does 6850 divide 612431100?
True
Is 9140 a factor of 656831826?
False
Is 578644850 a multiple of 35?
True
Is 291164353 a multiple of 19?
False
Is 3041444 a multiple of 76?
True
Is 5 a factor of 167235879?
False
Is 341 a factor of 1908349237?
False
Does 8 divide 9664693?
False
Does 16 divide 85146005?
False
Does 38 divide 110689852?
False
Is 726748287 a multiple of 56?
False
Is 509 a factor of 127228504?
False
Is 142028236 a multiple of 217?
True
Is 2983482138 a multiple of 13?
True
Is 8 a factor of 15893984?
True
Is 489192550 a multiple of 2083?
True
Is 13 a factor of 1490156355?
False
Is 9635886 a multiple of 117?
True
Does 13 divide 26385752?
False
Does 25 divide 68451950?
True
Is 26269348 a multiple of 227?
True
Is 143 a factor of 17882246?
False
Is 2739084754 a multiple of 437?
False
Is 23 a factor of 1238730041?
False
Does 5049 divide 112454471?
False
Does 40 divide 3362919?
False
Is 61 a factor of 2774568240?
False
Does 46 divide 28575338?
True
Is 196 a factor of 36858791?
False
Is 1215760135 a multiple of 896?
False
Is 133 a factor of 52060190?
True
Does 20 divide 3562190860?
True
Is 77905968 a multiple of 3128?
True
Is 366399615 a multiple of 213?
False
Is 10 a factor of 678753610?
True
Does 2347 divide 216037905?
False
Is 303027921 a multiple of 3749?
True
Is 49811000 a multiple of 12?
False
Is 31 a factor of 662959734?
False
Is 53 a factor of 631589711?
True
Is 23044334 a multiple of 12?
False
Does 6 divide 416129622?
True
Is 8 a factor of 11759776?
True
Is 445 a factor of 62630613?
False
Is 31 a factor of 134495267?
True
Is 7724231 even?
False
Is 193702980 a multiple of 7003?
True
Is 401123115 a multiple of 26?
False
Does 398 divide 30027906?
True
Is 378656758 a multiple of 1024?
False
Is 4240 a factor of 1224442076?
False
Is 487 a factor of 255207480?
True
Does 19 divide 15956918?
False
Is 499578381 a multiple of 57?
True
Is 62942168 even?
True
Is 152860329 a multiple of 1001?
False
Is 11614080 a multiple of 80?
True
Is 2708 a factor of 2661164869?
False
Does 5 divide 464729263?
False
Is 1167 a factor of 29149326?
True
Is 66 a factor of 1284764954?
False
Is 158 a factor of 51144758?
True
Does 51 divide 1007170259?
False
Does 94 divide 16109147?
False
Is 39 a factor of 1542393552?
False
Does 13 divide 16453346?
True
Does 662 divide 30749290?
False
Is 64 a factor of 87576128?
True
Does 2486 divide 198283677?
False
Is 25 a factor of 44704425?
True
Is 145344459 a multiple of 13?
True
Does 4 divide 87833240?
True
Is 5651053980 a multiple of 415?
False
Is 403 a factor of 45846711?
False
Is 6261152 a multiple of 47?
True
Is 27 a factor of 25011612?
True
Does 65 divide 167243440?
True
Is 41488512 a multiple of 1248?
True
Is 69 a factor of 21086224?
False
Is 150867080 a multiple of 1085?
True
Is 16 a factor of 4311246189?
False
Does 8 divide 71742170?
False
Does 612 divide 6077671?
False
Is 158 a factor of 5236085?
False
Is 13 a factor of 4786704?
True
Does 369 divide 531375867?
True
Does 5 divide 3997173895?
True
Is 1440798552 a multiple of 2412?
True
Is 240121019 a multiple of 33?
False
Does 456 divide 79451160?
True
Is 1588833 a multiple of 554?
False
Is 1036 a factor of 268857702?
False
Does 143 divide 528680015?
False
Does 5118 divide 29935453?
False
Does 1505 divide 393330557?
False
Does 222 divide 1015580?
False
Does 17 divide 1605514574?
False
Is 244406926 a multiple of 2383?
False
Is 343306016 a multiple of 174?
False
Is 28875292 a multiple of 233?
False
Does 356 divide 34825794?
False
Is 17960557 a multiple of 457?
Tru